 Let t = 1 + 0. Let d be -1 + t + 1 + 0. Calculate x(d).
5
Let y(j) = -6*j + 8. Let b(p) = 5*p - 8. Let x(r) = 7*b(r) + 6*y(r). What is x(-6)?
-2
Let r = 22 + -25. Let o(s) = 2*s + 2. Give o(r).
-4
Suppose 5*u - 4*i - 250 = -0*u, -3*u = i - 133. Let v(a) = -45 + u + 4*a - 3*a - 3*a. Determine v(-1).
3
Let t(a) = a**3 - a**2 - a + 8. Let p(l) = -l**2 + 5*l + l**3 + 7*l**2 + l**2 - 6. Let j be p(-6). Give t(j).
8
Let u be 1*(-2)/(2 - 3). Let i(a) = 3*a - 2. Let v = -5 + 3. Let w(f) = 10*f - 7. Let n(l) = v*w(l) + 7*i(l). What is n(u)?
2
Let l(z) = z**2 - z + 1. Let h(u) = -u**2 + 5*u. Suppose -2*p - 1 = -p. Let q(b) = p*h(b) - 3*l(b). Let w = 22 - 24. What is q(w)?
-7
Let w(x) be the third derivative of -x**4/24 + x**3/6 - 15*x**2. Let a(p) = p**3 - 4*p**2 + 4*p. Let g be a(4). Suppose -g + 0 = -4*o. What is w(o)?
-3
Let l(x) = -5*x**3 - 6*x**2 - x + 6. Let z(g) = -11*g**3 - 12*g**2 - 2*g + 13. Let u be 4/1 - 0/1. Let v(y) = u*z(y) - 9*l(y). What is v(-6)?
-8
Let i(d) = -7 - 3*d**2 - 8*d + d**2 - d**2 + 2*d**2. Let w(o) = -o**3 - 20*o**2 - 18*o + 13. Let x be w(-19). Give i(x).
5
Let g(b) = 15*b - 26*b + 9*b. Let u(a) = -a + 8. Let j(k) = 2*k - 5. Let f be j(6). Let n be u(f). Determine g(n).
-2
Let i(u) = 5*u - 1. Let b be i(2). Suppose 5*o = 24 - b. Let q(s) = 2*s**2 + 4*s - 1 + o*s**3 - 8*s**2 - 8*s - 4*s**3. What is q(-5)?
-6
Let p = -4 + 6. Let r = p + -3. Let m(k) = -6*k**3 + k**2 + 2*k + 1. Calculate m(r).
6
Let t = -6 - 0. Let i(m) = 6*m**2 - 4 - 12 + m**3 - 6 + 15. Calculate i(t).
-7
Let u(w) = w**2 + w - 2. Let t be 6/(-1 + 1 - 2). Determine u(t).
4
Let j(y) = 141*y - y**2 + 2 - 5 - 137*y. Determine j(3).
0
Suppose -c + 1 = -1. Let g(b) = -6 + c*b + 2*b + 6*b**2 - 1 + b**3. What is g(-5)?
-2
Let o(c) = 7 + 4 - 3*c + c + 0*c. Calculate o(8).
-5
Let a(o) be the second derivative of o**3/6 + o**2/2 - 2*o. Let j be 2/(-1) - (-5 - 4). Let b be (-37)/j - 8/(-28). Give a(b).
-4
Let f(p) = 6*p**2 - 7*p**2 + 2*p**2 + 3 - 2*p. Let r = -16 - -18. Determine f(r).
3
Let s = -19 + 20. Let p(d) be the second derivative of d**4/12 + d**2/2 - 2*d. Determine p(s).
2
Suppose 2*j - 1 = 2*g - 19, -j + 4*g - 21 = 0. Suppose 0 = -2*u - 0*u + 6. Let y(c) = -4*c**3 + c + 3*c**3 - 5*c**2 - 2*c - 5 + 0*c**u. What is y(j)?
0
Let s = 3 + 1. Let m = 7 - s. Let w(l) be the first derivative of l**3/3 - l**2 + 2*l + 1. Calculate w(m).
5
Let w(z) = -z**2 + 8*z + 8. Suppose -22 = 8*c - 94. Determine w(c).
-1
Let u(a) = -7*a + 3*a - 5*a**2 - 4 - 3*a + 4*a**2. Suppose 0 = 2*g - 4*c, 3*g + 0*c = 2*c - 8. Give u(g).
8
Let o(q) be the third derivative of q**2 - 1/12*q**5 + 0*q + 0 - 5/24*q**4 + 1/120*q**6 + 5/6*q**3. Calculate o(6).
11
Suppose 5*v + a = 21, -6*a + 21 = 4*v - a. Let l(y) = -6*y**2 + 0*y**2 - 5 + 5*y + 5*y**2. Determine l(v).
-1
Let f(c) = 537 - 535 - 7*c + 4*c**2 - 3*c**2. Calculate f(4).
-10
Let s(b) = -b**3 - 4*b**2 + b + 4. Let i be s(-4). Suppose 30 = 3*r - i. Let z be (-1)/((-5)/2)*r. Let f(v) = v - 2. What is f(z)?
2
Let z(d) be the second derivative of -d**5/20 - d**4/4 - d**3/3 + 10*d. What is z(-3)?
6
Let y(k) = k**3 - 18*k**2 + 13*k + 74. Let a be y(17). Let x(f) = -f**3 + 5*f**2 + 8*f - 4. Give x(a).
8
Let a(h) = -2*h + 7. Let n(f) = 4*f - 14. Let w(i) = -7*a(i) - 3*n(i). What is w(6)?
5
Let v be 15/(-6) + 1/(-2)*1. Let a(s) = s**3 + 1. Let k(q) = -4*q**3 + 3*q**2 + q - 2. Let m(y) = 5*a(y) + k(y). Give m(v).
0
Let h(o) = o**2 - 4*o + 4. Let f = 32 + -14. Suppose -3*s - 2*s + f = 3*a, 14 = 5*s - a. Determine h(s).
1
Let f(o) = -o - 5. Suppose -1 = 3*t + 5. Suppose 0 = -r - 0*r - 2. Let p = t - r. What is f(p)?
-5
Let l(h) = -h**3 - 8*h**2 - h - 6. Let b(k) = -k**2 - 5*k + 6. Let g be b(-7). Let v be l(g). Let w(y) = 2*y - 2*y - y + y**v + 0*y**2. Give w(0).
0
Let i(b) = 2*b - 12*b**2 + 2*b - 12*b**2 + 25*b**2 - 4. Determine i(-5).
1
Let d(o) = o**2 + 7*o**3 + 5 + 3 - o - 9. Determine d(-1).
-6
Let a(m) be the first derivative of -m**2/2 - 10*m - 2. Calculate a(0).
-10
Suppose v - 4*j + 16 = 0, -3 = -4*j + 13. Let p(y) = -y**3 + y**2 - 11. What is p(v)?
-11
Let r(i) = 3*i**2 + 7*i - 6. Let f(a) = 2*a**2 + 3*a - 3. Let p(g) = 5*f(g) - 3*r(g). Let m = 0 - -3. Suppose 0 = -k - 3*w - 11, -k + 4*w = m*k - 36. Give p(k).
-5
Let k = 2 - 9. Let w be -1 + k/((-28)/24). Let s(x) = x**3 - 5*x**2 - 5. Determine s(w).
-5
Let u be (-3)/4 - 85/20. Let l(s) = s**2 + 7*s - 4. Calculate l(u).
-14
Let k be (-2)/(-12) - 763/42. Let n be ((-14)/(-21))/(4/k). Let d(i) = i**3 + 3*i**2 + 4*i + 4. What is d(n)?
-8
Let f(w) = w**2 + 8*w + 7. Let r be f(-7). Let a be r + -1*(6 + 0). Let b = a - -4. Let u(k) = 2*k**2 + k - 2. Determine u(b).
4
Let n = -3 - -4. Let y(j) = 1 - 2*j + n - j**3 - 1 + 3*j + 2*j**2. Calculate y(3).
-5
Let f(k) = 10 + 0 - 2 + 4 - k. What is f(6)?
6
Let n(u) = 3*u - 2. Let c(g) = g**3 + 5*g**2 + 5*g + 6. Suppose 4*m + 4*s = -32, -2*m - 5*s + 0 = 28. Let y be c(m). Determine n(y).
4
Let d(y) = -y**3 - 7*y**2 - 1. Let i be d(-7). Let n be 3*(-1)/i + -10. Let x = n + 6. Let c(u) = 9*u + 1. What is c(x)?
-8
Let n(v) = -v + 1. Suppose 2*o + 34 = 5*d, 0 + 2 = -o. Calculate n(d).
-5
Let u(p) = 1. Let b(k) = k**2 + 6*k + 7. Let j be b(-5). Let z(o) = 2*o**2 + j*o - 1 - o + 2*o. Let i(n) = u(n) + z(n). What is i(-2)?
2
Suppose -4*r + 17 = 5*h, 4*r + 0*h - 9 = 3*h. Let v(j) = 1 - 1 - j - 1. Calculate v(r).
-4
Let i(r) = -r**2 - 2. Let v be -2 + (-2 - -1) - (1 + -4). What is i(v)?
-2
Let g(f) = f + 1. Let z be g(-10). Let q = -6 - z. Let v(o) = o - 2. Give v(q).
1
Suppose 5*z + l = -11, z + 7 = -3*l + 4*l. Let r = z - 1. Let j(v) = v + 5. Determine j(r).
1
Let o(h) be the second derivative of -h**5/5 - h**4/6 + h**3/6 - 24*h. What is o(1)?
-5
Let w(n) be the first derivative of 4*n**2 - n - 7. Give w(-2).
-17
Let d(a) = 3*a**3 + 6*a**2 - 6*a - 7. Let i(u) be the third derivative of -u**6/120 - u**5/60 + u**3/6 - 3*u**2. Let p(l) = d(l) + 2*i(l). What is p(-5)?
0
Let k(y) = 6*y**2 - 1. Suppose -3*f - 3 = 0, 2*f - 4*f - 4 = -2*i. Let u be k(i). Let s(q) = q**2 + 79*q + 78*q - 163*q - 6. Give s(u).
-11
Let o(q) be the third derivative of 2*q**2 + 0*q + 1/120*q**6 + 1/15*q**5 - 1/12*q**4 + 0 + 1/6*q**3. What is o(-4)?
9
Let v be (-5)/15 + (-4)/(-3). Let o = v - 1. Let c(n) = n**3 - n**2 - n - 7. Give c(o).
-7
Let p(w) = -6*w**2 + 1 - w**2 - 10*w**2. Let o be p(1). Let q be (1/(-2))/(2/o). Let a(z) = z**2 - 3*z - 1. Give a(q).
3
Let i(g) = -2*g + 5. Let n(c) = c**3 + 3*c**2 - 2*c - 2. Let u be n(-3). Determine i(u).
-3
Suppose 28 = 4*k - 4*y, 0 = 2*k - 3*k + 2*y + 7. Let d(s) = s**3 - 6*s**2 - 8*s - 1. Determine d(k).
-8
Let y(u) = -2*u**3 + 8*u + 1 + 1 - 6*u + 6*u**2 + u**3. Determine y(6).
14
Let q be ((-3)/(-2))/((-15)/(-20)). Suppose -x = q*x + 3. Let a(l) = 7*l**2 + 1 - 1881*l + 1881*l. Calculate a(x).
8
Let h(x) = -x**2 - 19*x + 25. Let w(f) = f**2 + 9*f - 12. Let r(v) = 2*h(v) + 5*w(v). Let c(u) = 2*u**2 + 7*u - 9. Let q(z) = 5*c(z) - 4*r(z). Calculate q(4).
-9
Suppose -4*l + 6 + 2 = 0. Let s(v) = 7*v**l + 6*v - 3*v - 3*v + 1. What is s(1)?
8
Let r(o) = -2. Let f(q) = 2*q**2 + q - 10. Let a(h) = -f(h) + 4*r(h). Give a(2).
-8
Let p(y) = -y**3 - 8*y**2 + 9*y - 8. Let j(a) = -a**3 - 9*a**2 + 10*a - 8. Let k(o) = 2*j(o) - 3*p(o). Calculate k(-7).
8
Let c(i) = -1 + 12*i - 1 - 13*i. Give c(-5).
3
Let v(x) = -3*x**3 - x**2 + 2*x - 1. Let i = -3 - -4. Calculate v(i).
-3
Let z(m) = 5*m. Let g(w) = w**2 - 5*w. Let t be g(6). Let o = 7 + -11. Let p be (12/(-18))/(o/t). Give z(p).
5
Let b(k) be the first derivative of k**7/840 + k**6/72 - k**5/60 + k**4/24 - 2*k**3/3 - 1. Let j(u) be the third derivative of b(u). Give j(-5).
11
Let i(c) be the third derivative of c**5/60 - c**4/24 - 2*c**3/3 - 2*c**2. Let a be (-11)/77 + 44/14. What is i(a)?
2
Let x(j) be the third derivative of -j**5/30 - 5*j**4/24 + j**3 + 47*j**2. Give x(-5).
-19
Let f = 47 + -46. Let i(d) = 7*d - 1. Give i(f).
6
Let y be -2*-3*1/(-2). Let g = y - -7. Let u(i) = 2*i - 6. What is u(g)?
2
Let p(u) = u**3 - 5*u**2 + 4*u - 3. Let d = -8 + 10. Suppose 0 = 2*s + d*j - 10, -4*j + 2 = -2*s - 3*s. Calculate p(s).
-7
Let s(t) = -6*t**2. Suppose -15 = -5*z - 0*z. Suppose r - z = -4. Determine s(r).
-6
Suppose 1 + 7 = -4*b. Let d(q) = -q - 3. Calculate d(b).
-1
Let n(p) = 7*p**2 + 2*p - 1. Let c be n(1). Suppo